{"id":44,"date":"2015-07-10T16:09:41","date_gmt":"2015-07-10T14:09:41","guid":{"rendered":"http:\/\/www.32ppp.de\/lwalter\/?page_id=44"},"modified":"2015-07-22T11:56:00","modified_gmt":"2015-07-22T09:56:00","slug":"to-do","status":"publish","type":"page","link":"https:\/\/www.32ppp.de\/lwalter\/wyoming\/to-do\/","title":{"rendered":"To Do"},"content":{"rendered":"<p style=\"text-align: justify\"><strong><\/strong><\/p>\n<p style=\"text-align: justify\">Ich hab mir im Vorfeld schon mal dar\u00fcber Gedanken gemacht, was ich unbedingt in dem kommenden Jahr machen m\u00f6chte. Also habe ich alle Gedanken, die mir so wahllos durch den Kopf geisterten, aufgeschrieben und eine Liste angefertigt:<\/p>\n<p><strong>Wichtige Dinge<\/strong><\/p>\n<ul>\n<li>einen fetten Burger essen<\/li>\n<li>einen B\u00e4ren sehen<\/li>\n<li>den Nationalpark auf dem Pferder\u00fccken erkunden<\/li>\n<li>ein Reservat besuchen und mit den \u201eNatives\u201c Friedenspfeife rauchen<\/li>\n<li>ein original Barbecue erleben<\/li>\n<li>Federschmuck tragen<\/li>\n<li>Rodeo-Show live anschauen<\/li>\n<li>bei einem Baseball-, Basketball- oder Footballspiel dabei sein und eine Mannschaft anfeuern<\/li>\n<li>Cowboystiefel und \u2013hut kaufen<\/li>\n<li>Westernreiten<\/li>\n<li>bei einem indianischen Volksfest dabei sein<\/li>\n<li>regelm\u00e4\u00dfig das Fitnessstudio besuchen, um die Burger und Barbecues wieder von den H\u00fcften zu bekommen<\/li>\n<li>Studentenbude umdekorieren<\/li>\n<li>einem Studentenclub beitreten<\/li>\n<li>&#8230;<\/li>\n<\/ul>\n<p><strong>Wirklich wichtige Dinge<\/strong><\/p>\n<ul>\n<li>Ein Auto kaufen<\/li>\n<li>Amerikanischen F\u00fchrerschein beantragen<\/li>\n<li>Jobs finden (vielleicht in einem Kunstmuseum?)<\/li>\n<li>Versicherungen abschlie\u00dfen<\/li>\n<li>Amerikanisches Bankkonto er\u00f6ffnen<\/li>\n<li>Lehrb\u00fccher besorgen<\/li>\n<li>&#8230;<\/li>\n<\/ul>\n<p>&nbsp;<\/p>\n<p>Ich bin gespannt mit welchen Dingen sich die Liste erweitert und wieviel ich davon abhacken kann.<\/p>\n<div data-animation=\"no-animation\" data-icons-animation=\"no-animation\" data-overlay=\"\" data-change-size=\"\" data-button-size=\"1\" style=\"font-size:1em!important;display:none;\" class=\"supsystic-social-sharing supsystic-social-sharing-package-flat supsystic-social-sharing-content supsystic-social-sharing-content-align-left\" data-text=\"\"><\/div>","protected":false},"excerpt":{"rendered":"<p>Ich hab mir im Vorfeld schon mal dar\u00fcber Gedanken gemacht, was ich unbedingt in dem kommenden Jahr machen m\u00f6chte. Also habe ich alle Gedanken, die mir so wahllos durch den Kopf geisterten, aufgeschrieben und eine Liste angefertigt: Wichtige Dinge einen fetten Burger essen einen B\u00e4ren sehen den Nationalpark auf dem Pferder\u00fccken erkunden ein Reservat besuchen [&hellip;]<\/p>\n<div data-animation=\"no-animation\" data-icons-animation=\"no-animation\" data-overlay=\"\" data-change-size=\"\" data-button-size=\"1\" style=\"font-size:1em!important;display:none;\" class=\"supsystic-social-sharing supsystic-social-sharing-package-flat supsystic-social-sharing-content supsystic-social-sharing-content-align-left\" data-text=\"\"><\/div>","protected":false},"author":57,"featured_media":0,"parent":36,"menu_order":3,"comment_status":"open","ping_status":"open","template":"","meta":{"jetpack_post_was_ever_published":false,"footnotes":""},"class_list":["post-44","page","type-page","status-publish","hentry"],"jetpack_sharing_enabled":true,"jetpack_shortlink":"https:\/\/wp.me\/P6sbym-I","_links":{"self":[{"href":"https:\/\/www.32ppp.de\/lwalter\/wp-json\/wp\/v2\/pages\/44","targetHints":{"allow":["GET"]}}],"collection":[{"href":"https:\/\/www.32ppp.de\/lwalter\/wp-json\/wp\/v2\/pages"}],"about":[{"href":"https:\/\/www.32ppp.de\/lwalter\/wp-json\/wp\/v2\/types\/page"}],"author":[{"embeddable":true,"href":"https:\/\/www.32ppp.de\/lwalter\/wp-json\/wp\/v2\/users\/57"}],"replies":[{"embeddable":true,"href":"https:\/\/www.32ppp.de\/lwalter\/wp-json\/wp\/v2\/comments?post=44"}],"version-history":[{"count":3,"href":"https:\/\/www.32ppp.de\/lwalter\/wp-json\/wp\/v2\/pages\/44\/revisions"}],"predecessor-version":[{"id":88,"href":"https:\/\/www.32ppp.de\/lwalter\/wp-json\/wp\/v2\/pages\/44\/revisions\/88"}],"up":[{"embeddable":true,"href":"https:\/\/www.32ppp.de\/lwalter\/wp-json\/wp\/v2\/pages\/36"}],"wp:attachment":[{"href":"https:\/\/www.32ppp.de\/lwalter\/wp-json\/wp\/v2\/media?parent=44"}],"curies":[{"name":"wp","href":"https:\/\/api.w.org\/{rel}","templated":true}]}}