{"id":10,"date":"2015-07-23T20:06:07","date_gmt":"2015-07-23T18:06:07","guid":{"rendered":"http:\/\/www.32ppp.de\/swild\/?page_id=10"},"modified":"2015-08-09T22:40:04","modified_gmt":"2015-08-09T20:40:04","slug":"about-me","status":"publish","type":"page","link":"https:\/\/www.32ppp.de\/swild\/about-me\/","title":{"rendered":"about me"},"content":{"rendered":"<p><a href=\"https:\/\/www.32ppp.de\/swild\/wp-content\/uploads\/sites\/45\/2015\/07\/0461.jpg\" rel=\"lightbox[10]\"><img loading=\"lazy\" decoding=\"async\" class=\"alignnone size-medium wp-image-45\" src=\"https:\/\/www.32ppp.de\/swild\/wp-content\/uploads\/sites\/45\/2015\/07\/0461-217x300.jpg\" alt=\"046\" width=\"217\" height=\"300\" srcset=\"https:\/\/www.32ppp.de\/swild\/wp-content\/uploads\/sites\/45\/2015\/07\/0461-217x300.jpg 217w, https:\/\/www.32ppp.de\/swild\/wp-content\/uploads\/sites\/45\/2015\/07\/0461-739x1024.jpg 739w\" sizes=\"auto, (max-width: 217px) 100vw, 217px\" \/><\/a><\/p>\n<p>Hey, ich erz\u00e4hl euch mal ein bisschen was \u00fcber mich.<\/p>\n<p>Ich hei\u00dfe Shalin Naomi Wild, bin am 01. Juni 1995 in Krumbach geboren &amp; wohne im sch\u00f6nen Mittelschwaben. Ich habe eine Lehre als Einzelhandelskauffrau und die Ausbildung zur Reformhausfachberaterin absolviert, danach habe ich ein Jahr die Berufsoberschule besucht &amp; dort mein Fachabi erworben.<\/p>\n<p>Meine Vorlieben sind reiten, mit dem Hund (Kira) laufen, Zeit mit der Familie\/Freunde\/Freund verbringen, sch\u00f6ne Amerikanische Autos und tanzen.<\/p>\n<p><a href=\"https:\/\/www.32ppp.de\/swild\/wp-content\/uploads\/sites\/45\/2015\/07\/IMG_5416.jpg\" rel=\"lightbox[10]\"><img loading=\"lazy\" decoding=\"async\" class=\"alignnone size-medium wp-image-49\" src=\"https:\/\/www.32ppp.de\/swild\/wp-content\/uploads\/sites\/45\/2015\/07\/IMG_5416-300x200.jpg\" alt=\"IMG_5416\" width=\"300\" height=\"200\" srcset=\"https:\/\/www.32ppp.de\/swild\/wp-content\/uploads\/sites\/45\/2015\/07\/IMG_5416-300x200.jpg 300w, https:\/\/www.32ppp.de\/swild\/wp-content\/uploads\/sites\/45\/2015\/07\/IMG_5416-1024x682.jpg 1024w, https:\/\/www.32ppp.de\/swild\/wp-content\/uploads\/sites\/45\/2015\/07\/IMG_5416.jpg 1280w\" sizes=\"auto, (max-width: 300px) 100vw, 300px\" \/><\/a><\/p>\n","protected":false},"excerpt":{"rendered":"<p>Hey, ich erz\u00e4hl euch mal ein bisschen was \u00fcber mich. Ich hei\u00dfe Shalin Naomi Wild, bin am 01. Juni 1995 in Krumbach geboren &amp; wohne im sch\u00f6nen Mittelschwaben. Ich habe eine Lehre als Einzelhandelskauffrau und die Ausbildung zur Reformhausfachberaterin absolviert, danach habe ich ein Jahr die Berufsoberschule besucht &amp; dort mein Fachabi erworben. Meine Vorlieben [&hellip;]<\/p>\n","protected":false},"author":51,"featured_media":0,"parent":0,"menu_order":0,"comment_status":"closed","ping_status":"closed","template":"","meta":{"jetpack_post_was_ever_published":false,"footnotes":""},"class_list":["post-10","page","type-page","status-publish","hentry"],"jetpack_sharing_enabled":true,"jetpack_shortlink":"https:\/\/wp.me\/P6wNn4-a","_links":{"self":[{"href":"https:\/\/www.32ppp.de\/swild\/wp-json\/wp\/v2\/pages\/10","targetHints":{"allow":["GET"]}}],"collection":[{"href":"https:\/\/www.32ppp.de\/swild\/wp-json\/wp\/v2\/pages"}],"about":[{"href":"https:\/\/www.32ppp.de\/swild\/wp-json\/wp\/v2\/types\/page"}],"author":[{"embeddable":true,"href":"https:\/\/www.32ppp.de\/swild\/wp-json\/wp\/v2\/users\/51"}],"replies":[{"embeddable":true,"href":"https:\/\/www.32ppp.de\/swild\/wp-json\/wp\/v2\/comments?post=10"}],"version-history":[{"count":10,"href":"https:\/\/www.32ppp.de\/swild\/wp-json\/wp\/v2\/pages\/10\/revisions"}],"predecessor-version":[{"id":127,"href":"https:\/\/www.32ppp.de\/swild\/wp-json\/wp\/v2\/pages\/10\/revisions\/127"}],"wp:attachment":[{"href":"https:\/\/www.32ppp.de\/swild\/wp-json\/wp\/v2\/media?parent=10"}],"curies":[{"name":"wp","href":"https:\/\/api.w.org\/{rel}","templated":true}]}}